 Let s = f + 208. What are the prime factors of s?
5, 109
Suppose -4*z - 41*x + 46*x = -175269, -262841 = -6*z - 5*x. List the prime factors of z.
193, 227
Suppose 4*s + 496 = 2*s. Let o = s - -777. List the prime factors of o.
23
Let o = 325 + -302. Suppose -21*q - 644 = -o*q. List the prime factors of q.
2, 7, 23
Let d(y) = 215*y + 164. Suppose 3 = i - 3*o + 2, -5*i = 5*o - 25. What are the prime factors of d(i)?
2
What are the prime factors of ((-145495)/(-5))/((-84)/(-72))?
2, 3, 4157
Suppose 5*f + 35 = -60. Let p = -22 - f. List the prime factors of p/24 + 914/16.
3, 19
Suppose 5*n - 278 = 122. Suppose -82*z + 720 = -n*z. What are the prime factors of z?
2, 3, 5
Let w(y) = -3*y**3 - 10*y**2 - 40*y + 9. Let d be w(-10). Let k = d - 1595. List the prime factors of k.
2, 11, 37
Let y(t) = -2*t**3 + 8*t**2 + 3*t - 6. Let l be y(4). Let p(g) = 4*g**3 + 7*g + 2. What are the prime factors of p(l)?
2, 227
Let o = -48100 - -86951. List the prime factors of o.
38851
Suppose 221 - 216 = x. Let q(i) = -i + 1. Let v(h) = -26*h + 1. Let o(j) = 5*q(j) - v(j). What are the prime factors of o(x)?
109
Let r = -170 + 184. Suppose 605 = r*z - 655. What are the prime factors of z?
2, 3, 5
Let c(g) = 13*g**2 + 9*g - 37. Let v(z) = -53*z**2 - 35*z + 149. Let f(o) = 9*c(o) + 2*v(o). What are the prime factors of f(-7)?
7, 61
Suppose -15*b + 4*y = -362771, 31*b - 4*y = 35*b - 96744. What are the prime factors of b?
5, 7, 691
Let w(c) = -8*c - 111. Let y(g) = -17*g - 223. Let u(b) = 5*w(b) - 3*y(b). What are the prime factors of u(19)?
17, 19
Let h be (-5)/(-1) - ((-3)/(-3) + 0). Suppose -5*s + 1183 = 3*f, -s + h*f + 26 = -229. Suppose 11 = -3*j + s. What are the prime factors of j?
2, 19
Let h = -1345 + 32659. What are the prime factors of h?
2, 3, 17, 307
Let u(j) = 7*j + 76 + 18*j - 16. What are the prime factors of u(0)?
2, 3, 5
Let l be (-13 + 93)/(8/(-10) - -1). Let g = 519 - l. What are the prime factors of g?
7, 17
Let l(f) = 2076*f - 2409. List the prime factors of l(10).
3, 2039
Let m(q) = q**2 - 11*q - 128. Let j be (34/51)/((2/(-27))/1). List the prime factors of m(j).
2, 13
Suppose -6*h + 2*h = -3*y - 115, 3*h - y = 90. Suppose 4*m + 2*z = 80, 2*m - h = 3*z - 7. What are the prime factors of m?
2, 3
Let v(p) = -11*p**2 - 14*p + 3. Let t(b) = -b**2. Let h(z) = -24*t(z) + 3*v(z). Let o(x) be the first derivative of h(x). List the prime factors of o(-12).
2, 3, 29
Let n(c) = 13*c - 6. Let q(l) = -25*l + 11. Let h(j) = -7*n(j) - 3*q(j). Let y be h(3). Let t = -3 - y. What are the prime factors of t?
2, 3
Suppose 0*g = -9*g - 49707. What are the prime factors of (-57)/152 - g/8?
2, 3, 5, 23
Suppose -j - 5*h = -36208, -30*j + 34*j = -3*h + 144917. List the prime factors of j.
19, 1907
Let j(w) be the third derivative of -3/4*w**4 + 11/6*w**3 + 0 + 0*w - 44*w**2. List the prime factors of j(-9).
173
Let g(k) = 235*k**2 + 220*k + 2356. What are the prime factors of g(-11)?
3, 7, 193
Let i = 74965 + -32074. List the prime factors of i.
3, 17, 29
Suppose 545028 - 1780339 = -61*l. What are the prime factors of l?
7, 11, 263
List the prime factors of (-59180)/25*(-57 - -52).
2, 11, 269
Suppose -6*z + 3*z = 4*w - 4085, -4*z = -5*w + 5083. Let g = w + -628. What are the prime factors of g?
17, 23
What are the prime factors of (7264/44)/(18/99)?
2, 227
Suppose 0 = o - 5*a - 2638, -4*o + 3*a + 978 = -9625. List the prime factors of o.
7, 379
Let u(s) be the third derivative of s**6/120 - 7*s**5/60 + s**4/6 + 4*s**3/3 - 16*s**2. Suppose 0 = -0*m + 3*m - 21. List the prime factors of u(m).
2, 3
Let o = 231 - 267. List the prime factors of (-4364)/10*(-6)/(o/(-15)).
1091
Let t = -26708 + 40327. List the prime factors of t.
13619
Let u = -3225 + 505. What are the prime factors of u/(-2)*(4 + -3)?
2, 5, 17
Let f be (9/12)/((-2)/(-568)). Suppose -4*p = -l + f, -l - 5*p = -7*p - 209. Suppose l = 3*x - 458. List the prime factors of x.
13, 17
Suppose -5*o - 16 = 4*b - 9*o, -4 = -3*b - 5*o. List the prime factors of (-188039)/(-301) - b*3/21.
5
Suppose 94061 = 3229*w - 3220*w - 38671. List the prime factors of w.
2, 3, 1229
Suppose 168 = -0*r + 6*r. Let b(k) = 42*k - r + 6*k - 7*k. List the prime factors of b(7).
7, 37
Let j = 6246 - 5682. What are the prime factors of j?
2, 3, 47
What are the prime factors of 81/(-36) + 3 + (-13863)/(-12)?
2, 17
Let p(j) = 2*j**2 + 4*j + 3. Let c be p(-2). Suppose -15 = -c*k, 0 = -n + 5*n - 5*k - 1547. Suppose -5 = 5*r, 4*a - n = -3*r + 4*r. List the prime factors of a.
2, 7
What are the prime factors of -1 + (-14)/(-16) + 2126088/64 + -2?
2, 17, 977
Suppose -2*t - 2*g + 49 = -3*t, -2*g = t + 65. Let m = 69 + t. Let q(f) = 2*f**2 - 16*f + 18. What are the prime factors of q(m)?
2, 3, 19
Let z(p) = 3*p - 9. Let n be z(6). Suppose n*s + 745 = -137. Let f = 82 - s. What are the prime factors of f?
2, 3, 5
Let k = -1723 + 3655. Suppose -5*w - 966 = -2*i, -4*i + 35*w - 38*w + k = 0. What are the prime factors of i?
3, 7, 23
Suppose 26 + 9 = 5*c. Suppose -4*w = 5*d - 556, -3*w + c*d - 8*d + 428 = 0. What are the prime factors of w?
2, 3
Let b be ((-220)/(-15))/11 - 2974/(-6). Let a = -188 + b. What are the prime factors of a?
3, 103
Let w(b) be the second derivative of 31*b**3/3 + 19*b**2/2 - 6*b. Let u be w(5). Let p = -189 + u. List the prime factors of p.
2, 5, 7
Suppose -2*n - 4 = 5*d, 8 = 2*d - 4*n + 24. Let k(i) = -10*i**2 + 7. Let l(f) = 9*f**2 - 8. Let x(p) = -5*k(p) - 4*l(p). What are the prime factors of x(d)?
53
Let r(o) = 17*o + 240. Let p be r(-14). Suppose -p*c = -5*g - 2053, -2*c + 5*g - 3142 = -5*c. List the prime factors of c.
1039
Suppose 620 + 280 = 5*q + 5*t, 0 = 3*t + 12. Let i(n) = -36*n**3 + n**2 - n - 2. Let r be i(-2). Let z = r - q. What are the prime factors of z?
2, 3
Let o = 2249 + 756. Suppose 4*x = 3*i - 3002, -6*i + 3*i = -x - o. What are the prime factors of i?
2, 3, 167
Let s = -22076 + 44514. List the prime factors of s.
2, 13, 863
Let b be (-64)/(-30) - (1 - (-65)/(-75)). Suppose -u = 3*d - 668, -904 = -6*d + b*d + 2*u. Suppose 0 = 3*g + g - d. List the prime factors of g.
2, 7
Let g = 6 + -6. Let d(s) be the first derivative of -3*s**2/2 + 15*s + 20. List the prime factors of d(g).
3, 5
Suppose 2*x = -o, 3*o - 10*x - 20 = -6*x. Suppose 2*l - 614 = 5*g, -o*l + g - 1562 = -9*l. List the prime factors of l.
2, 3, 13
Let s = 49097 + -16217. What are the prime factors of s?
2, 3, 5, 137
Suppose 22*k - 76073 - 486149 = -16864. What are the prime factors of k?
3, 8263
Let s = 182 - 239. Let v = 208 + s. What are the prime factors of v?
151
Let r(n) = -11*n - 7. Let h(b) = -4*b - 9. Let d be h(-6). Suppose -10*z + d*z = -50. What are the prime factors of r(z)?
103
Suppose -3*x = -5*y - 37479, -2*x = -5*x + 14*y + 37533. List the prime factors of x.
3, 19, 73
List the prime factors of 5/(45/(-263574)*-9).
2, 1627
Let a be (2/10*2)/((-19)/(-190)). Suppose -3*j = -a*v - 30, -3*j + v + 52 = 13. What are the prime factors of j?
2, 7
Let k = 60 - 57. Suppose -3190 = -k*j - 7*j. List the prime factors of j.
11, 29
Suppose -23*q = -20*q - 6. Suppose 13*r - 45 = -q*r. Suppose r*v + 6*v = 576. List the prime factors of v.
2
Let i be 7 - -3502 - (-1 - -7). Suppose 15*u + g = 20*u - i, -4*u - 3*g = -2791. List the prime factors of u.
2, 5, 7
Let h = 5452 - -49402. What are the prime factors of h?
2, 27427
List the prime factors of (-210)/(-63)*(-22257)/(-6).
5, 2473
Suppose -4*q + 2*n - 18 + 0 = 0, 25 = 5*n. Let c be ((-6)/8)/(1302/(-648) - q). Suppose -h + 0*h - 3*v = -c, 4*v - 394 = -5*h. List the prime factors of h.
2, 3, 13
Let x = 14439 + -6699. What are the prime factors of x?
2, 3, 5, 43
Let a(d) = 3810*d + 94. What are the prime factors of a(2)?
2, 7, 19, 29
Let w(y) = 2282*y**3 + 3*y**2 - 7*y + 11. Let t be w(2). Suppose 12*q - t = -q. What are the prime factors of q?
5, 281
Suppose -134*m = -271*m + 171*m - 487628. List the prime factors of m.
2, 71, 101
Let l(r) = -6*r + 41. Let a = -190 + 188. What are the prime factors of l(a)?
53
Suppose 0 = 5*r + u - 11, -5*r + 9 = -4*u + 3. Let i = 19 - 16. Suppose 0 = -r*y + 7 + i. What are the prime factors of y?
5
Suppose 726*o - 715*o = 11165. List the prime factors of (288/42)/(10/o).
2, 3, 29
Let h(r) = 7*r**2 + 152*r - 23. Let s be h(-23). Let f = s + 641. List the pri